s the hundreds digit of 129167105?
1
What is the hundred millions digit of 906935935?
9
What is the tens digit of 1451438?
3
What is the hundred millions digit of 1448825999?
4
What is the hundred millions digit of 237854848?
2
What is the millions digit of 5262504?
5
What is the hundred millions digit of 2857528981?
8
What is the hundreds digit of 80421885?
8
What is the hundreds digit of 2400304?
3
What is the units digit of 44366579?
9
What is the thousands digit of 2504616518?
6
What is the billions digit of 1266480133?
1
What is the thousands digit of 163894389?
4
What is the millions digit of 3883530?
3
What is the tens digit of 4878469233?
3
What is the millions digit of 90956744?
0
What is the ten thousands digit of 1424139337?
3
What is the hundred thousands digit of 57939478?
9
What is the billions digit of 2910715025?
2
What is the tens digit of 4219452443?
4
What is the ten thousands digit of 9227999742?
9
What is the tens digit of 3008416847?
4
What is the hundred thousands digit of 46963860?
9
What is the ten millions digit of 23789274?
2
What is the millions digit of 2590604855?
0
What is the thousands digit of 41116927?
6
What is the thousands digit of 347228837?
8
What is the units digit of 521502782?
2
What is the thousands digit of 41699387?
9
What is the ten millions digit of 826588465?
2
What is the ten thousands digit of 1977750056?
5
What is the thousands digit of 517160952?
0
What is the hundred thousands digit of 54182206?
1
What is the ten thousands digit of 5785530064?
3
What is the hundreds digit of 5646991554?
5
What is the units digit of 266932575?
5
What is the ten millions digit of 476528936?
7
What is the units digit of 9189489?
9
What is the thousands digit of 1073233461?
3
What is the thousands digit of 592833706?
3
What is the thousands digit of 15913330?
3
What is the thousands digit of 2350507950?
7
What is the millions digit of 9995204?
9
What is the hundreds digit of 2275478073?
0
What is the units digit of 27501586?
6
What is the hundreds digit of 313331270?
2
What is the hundred millions digit of 1260350340?
2
What is the hundred thousands digit of 3524002512?
0
What is the units digit of 670987768?
8
What is the millions digit of 4462085194?
2
What is the hundred thousands digit of 695921454?
9
What is the thousands digit of 54927869?
7
What is the hundred millions digit of 1437992954?
4
What is the billions digit of 4124272156?
4
What is the units digit of 97691135?
5
What is the hundred millions digit of 261234825?
2
What is the billions digit of 6793578488?
6
What is the ten millions digit of 85021338?
8
What is the hundred thousands digit of 168801333?
8
What is the tens digit of 233610010?
1
What is the ten millions digit of 128591352?
2
What is the tens digit of 40282519?
1
What is the thousands digit of 482318993?
8
What is the hundreds digit of 995700942?
9
What is the ten millions digit of 305639154?
0
What is the tens digit of 227227361?
6
What is the ten millions digit of 59691343?
5
What is the hundreds digit of 14664283?
2
What is the hundred thousands digit of 407340324?
3
What is the ten thousands digit of 653556477?
5
What is the ten millions digit of 149365848?
4
What is the units digit of 2807830397?
7
What is the tens digit of 3935227025?
2
What is the hundred thousands digit of 31896401?
8
What is the hundreds digit of 712038744?
7
What is the hundred thousands digit of 950915820?
9
What is the ten millions digit of 1136121579?
3
What is the millions digit of 255901841?
5
What is the units digit of 185375877?
7
What is the hundred millions digit of 109326879?
1
What is the tens digit of 49126498?
9
What is the hundred millions digit of 816329455?
8
What is the hundreds digit of 1264919691?
6
What is the ten thousands digit of 33096603?
9
What is the hundred millions digit of 469676351?
4
What is the thousands digit of 49504040?
4
What is the hundred thousands digit of 3929007804?
0
What is the units digit of 5050535952?
2
What is the hundreds digit of 8476588?
5
What is the hundred thousands digit of 626509561?
5
What is the millions digit of 223232434?
3
What is the tens digit of 825285983?
8
What is the billions digit of 1859339984?
1
What is the ten thousands digit of 61615604?
1
What is the billions digit of 1194041119?
1
What is the ten millions digit of 1525957751?
2
What is the ten thousands digit of 25235323?
3
What is the billions digit of 1601419043?
1
What is the ten millions digit of 60822717?
6
What is the units digit of 2142557?
7
What is the millions digit of 24056582?
4
What is the thousands digit of 4346362258?
2
What is the thousands digit of 38844647?
4
What is the hundred thousands digit of 57834255?
8
What is the millions digit of 173474162?
3
What is the tens digit of 4457879432?
3
What is the billions digit of 4004758630?
4
What is the units digit of 174277407?
7
What is the millions digit of 1813185060?
3
What is the units digit of 29750127?
7
What is the thousands digit of 6450056771?
6
What is the units digit of 2924386718?
8
What is the units digit of 94959680?
0
What is the millions digit of 254403215?
4
What is the thousands digit of 102938238?
8
What is the millions digit of 43400571?
3
What is the units digit of 210421092?
2
What is the units digit of 1885905165?
5
What is the hundred millions digit of 3097806685?
0
What is the tens digit of 195193368?
6
What is the units digit of 914742715?
5
What is the millions digit of 451383900?
1
What is the ten thousands digit of 165727695?
2
What is the thousands digit of 963802416?
2
What is the hundreds digit of 680250927?
9
What is the hundreds digit of 1782686305?
3
What is the hundreds digit of 436539129?
1
What is the ten millions digit of 156812058?
5
What is the tens digit of 94644522?
2
What is the ten millions digit of 29325954?
2
What is the thousands digit of 89339134?
9
What is the thousands digit of 128766878?
6
What is the ten thousands digit of 518375470?
7
What is the hundreds digit of 597257?
2
What is the hundred millions digit of 1186364434?
1
What is the hundred thousands digit of 766337952?
3
What is the ten millions digit of 981414232?
8
What is the units digit of 116593228?
8
What is the hundred thousands digit of 170970951?
9
What is the millions digit of 749972299?
9
What is the hundred thousands digit of 98556242?
5
What is the thousands digit of 441849168?
9
What is the hundreds digit of 4067676712?
7
What is the units digit of 3842327?
7
What is the millions digit of 303921869?
3
What is the units digit of 29616615?
5
What is the units digit of 34257153?
3
What is the thousands digit of 939388187?
8
What is the ten millions digit of 94540552?
9
What is the hundred thousands digit of 106281598?
2
What is the units digit of 3775752014?
4
What is the millions digit of 3398369823?
8
What is the ten thousands digit of 72917086?
1
What is the hundreds digit of 71940342?
3
What is the units digit of 415875?
5
What is the tens digit of 697501843?
4
What is the ten millions digit of 19731134?
1
What is the thousands digit of 99961989?
1
What is the ten thousands digit of 1402277213?
7
What is the millions digit of 266181727?
6
What is the ten millions digit of 932822956?
3
What is the units digit of 87005489?
9
What is the ten thousands digit of 48353667?
5
What is the ten thousands digit of 50649319?
4
What is the ten thousands digit of 4457751406?
5
What is the ten thousands digit of 2169798708?
9
What is the hundred millions digit of 1058811935?
0
What is the hundred millions digit of 1220612838?
2
What is the hundreds digit of 1539194407?
4
What is the ten millions digit of 244032197?
4
What is the thousands digit of 181832230?
2
What is the hundreds digit of 4896290209?
2
What is the hundreds digit of 17624174?
1
What is the billions digit of 1748399008?
1
What is the ten millions digit of 2066726179?
6
What is the tens digit of 49918797?
9
What is the hundred thousands digit of 1135957391?
9
What is the thousands digit of 6647850957?
0
What is the ten thousands digit of 62014720?
1
What is the thousands digit of 4352978278?
8
What is the units digit of 64274772?
2
What is the ten millions digit of 548892466?
4
What is the billions digit of 2997504627?
2
What is the millions digit